{"id":29,"date":"2017-09-24T10:04:08","date_gmt":"2017-09-24T10:04:08","guid":{"rendered":"http:\/\/serwer1322988.home.pl\/autoinstalator\/wordpress\/?page_id=29"},"modified":"2017-10-08T15:31:36","modified_gmt":"2017-10-08T15:31:36","slug":"ochrona-transportu","status":"publish","type":"page","link":"https:\/\/minor.com.pl\/?page_id=29","title":{"rendered":"OCHRONA TRANSPORTU"},"content":{"rendered":"<p align=\"center\">Na nasz\u0105 szczeg\u00f3ln\u0105 uwag\u0119 zas\u0142uguj\u0105 tak\u017ce firmy transportowe, kt\u00f3re dozna\u0142y w przesz\u0142o\u015bci napad\u00f3w, czy kradzie\u017cy na ich transportowane mienie. Ten dzia\u0142 ochrony stworzyli\u015bmy specjalnie, by zapobiega\u0107 takim sytuacjom.\u00a0 Posiadamy odpowiednie do\u015bwiadczenie by razem z przewo\u017anikiem ustali\u0107 plan trasy oraz ewentualne zagro\u017cenia. Natomiast\u00a0 je\u017celi w trakcie konwoju nasi pracownicy\u00a0 wykryj\u0105 niebezpiecze\u0144stwo s\u0105 odpowiednio przeszkoleni i wyposa\u017ceni by takie zagro\u017cenie wyeliminowa\u0107 i bezpiecznie konwojowa\u0107 transport do ko\u0144ca trasy.<\/p>\n<p align=\"center\"><\/p>\n","protected":false},"excerpt":{"rendered":"<p>Na nasz\u0105 szczeg\u00f3ln\u0105 uwag\u0119 zas\u0142uguj\u0105 tak\u017ce firmy transportowe, kt\u00f3re dozna\u0142y w przesz\u0142o\u015bci napad\u00f3w, czy kradzie\u017cy na ich transportowane mienie. Ten dzia\u0142 ochrony stworzyli\u015bmy specjalnie, by zapobiega\u0107 takim sytuacjom.\u00a0 Posiadamy odpowiednie do\u015bwiadczenie by razem z przewo\u017anikiem ustali\u0107 plan trasy oraz ewentualne zagro\u017cenia. Natomiast\u00a0 je\u017celi w trakcie konwoju nasi pracownicy\u00a0 wykryj\u0105 niebezpiecze\u0144stwo s\u0105 odpowiednio przeszkoleni i wyposa\u017ceni [&hellip;]<\/p>\n","protected":false},"author":1,"featured_media":0,"parent":0,"menu_order":0,"comment_status":"closed","ping_status":"closed","template":"","meta":[],"_links":{"self":[{"href":"https:\/\/minor.com.pl\/index.php?rest_route=\/wp\/v2\/pages\/29"}],"collection":[{"href":"https:\/\/minor.com.pl\/index.php?rest_route=\/wp\/v2\/pages"}],"about":[{"href":"https:\/\/minor.com.pl\/index.php?rest_route=\/wp\/v2\/types\/page"}],"author":[{"embeddable":true,"href":"https:\/\/minor.com.pl\/index.php?rest_route=\/wp\/v2\/users\/1"}],"replies":[{"embeddable":true,"href":"https:\/\/minor.com.pl\/index.php?rest_route=%2Fwp%2Fv2%2Fcomments&post=29"}],"version-history":[{"count":2,"href":"https:\/\/minor.com.pl\/index.php?rest_route=\/wp\/v2\/pages\/29\/revisions"}],"predecessor-version":[{"id":157,"href":"https:\/\/minor.com.pl\/index.php?rest_route=\/wp\/v2\/pages\/29\/revisions\/157"}],"wp:attachment":[{"href":"https:\/\/minor.com.pl\/index.php?rest_route=%2Fwp%2Fv2%2Fmedia&parent=29"}],"curies":[{"name":"wp","href":"https:\/\/api.w.org\/{rel}","templated":true}]}}